6 + 11 - -3?
4
Calculate 17 + -15 - (0 + -2 - -7).
-3
What is -4 + 11 + -3 + -2?
2
Evaluate -8 + (5 - (-4 + 3)).
-2
What is (0 - 3) + -1 + 0 + 3?
-1
What is the value of (-1 - (-9 + 5)) + 0 + -2?
1
Calculate (-1 - -1) + (5 - 8) + 4.
1
What is (-2 - -4) + 9 + (-10 - -2)?
3
(-23 - -29) + -3 + (-1 - -5)
7
What is 0 - (6 + -3) - (2 - 4)?
-1
What is (1 - 3) + (-8 - -6)?
-4
Calculate 7 + -14 - (-25 - -19).
-1
What is the value of -1 - 2 - (0 + -8)?
5
What is -2 + 10 + 0 + -4?
4
What is the value of 1 + -2 + 4 + (4 - 8)?
-1
Calculate -12 - -10 - (-1 - 0).
-1
Evaluate (2 - (-1 + 1)) + -4 + 0.
-2
2 + 0 - (-2 - -1)
3
What is 10 + (-3 - 7) - 4?
-4
Calculate 0 + 0 + -2 - 1.
-3
(-8 + 3 - -2 - -1) + 3
1
Evaluate (-12 - (-13 + 6)) + 2.
-3
Evaluate -1 + -4 + 4 - 1 - -6.
4
What is the value of 0 + (-2 - 1 - -2)?
-1
(5 + -3 - (-3 + 1)) + -7
-3
Evaluate -5 + (2 - (-1 - 1)).
-1
What is the value of (3 - -1) + 3 + -4?
3
Evaluate (8 - 0) + (-5 - -2).
5
Calculate 1 - (6 + -4 + -4 + 3).
0
What is -1 + 14 + -6 + -6?
1
(4 + 7 - 4) + -12 + 8
3
What is 4 + -10 + 8 + -3?
-1
Calculate 1 + 1 + -3 + 6 + -4.
1
Calculate -15 - 1 - (-52 - -43).
-7
Evaluate 4 + (-1 - -2) + -2 - 8.
-5
What is the value of -5 + (4 - -1) + (6 - 7)?
-1
(-6 - -3) + 4 + -8
-7
What is (11 - -3) + (-9 - -4)?
9
Evaluate 4 + -1 + (4 + -2 - 3).
2
Calculate 2 + (1 - -1) + (-7 - -6).
3
What is (-8 - (9 - 4)) + 10?
-3
Evaluate -9 - (-5 + (11 - 11)).
-4
What is the value of (-2 - 2 - 0) + (1 - -1)?
-2
What is 0 - (9 - (6 - -3))?
0
What is the value of -8 + 0 + (-100 - -105)?
-3
Calculate -13 + 7 + (6 - 1).
-1
Calculate -9 - (-24 + 25 - (-1 + 4)).
-7
What is the value of -4 + (-4 - -1 - -3)?
-4
Calculate (-2 - -6) + -6 + -1.
-3
What is (-7 - -13) + 2 + -11?
-3
Calculate 2 - (1 - (8 - (5 - 3))).
7
What is the value of (9 - (-3 + 4)) + -6?
2
What is 0 - (0 + -1) - (-4 + 5)?
0
-2 - -4 - (-1 + -2 + 6)
-1
Calculate 7 + -4 - (0 - -5).
-2
What is the value of 1 - -8 - (-140 - -144)?
5
Evaluate (-7 - 0) + (-7 + 12 - -1).
-1
-4 + 10 + 1 + -3
4
What is the value of -1 - 4 - (0 + -5)?
0
Evaluate -14 + -2 + (15 - 5).
-6
What is 3 - (-2 - (-3 - (-6 - -3)))?
5
2 + 2 + 0 + -3 - 5
-4
6 - (-1 + -2 + (6 - 1))
4
What is 0 - ((5 - 1) + -16 + 5)?
7
9 + -7 + 3 + -8
-3
Calculate 5 + -1 + 0 - 2.
2
Calculate 3 + -5 - (2 + -2 + -2).
0
What is 73 - 74 - (-2 + 9 + -2)?
-6
Calculate -4 + (0 - -3 - (5 - 2)).
-4
What is -11 - -10 - 15 - (2 + -7)?
-11
What is -5 + -6 + 3 + (7 - 2)?
-3
(6 - -1 - 0) + -10 + 10
7
Evaluate (-1 - -3) + (-1 - -4).
5
Evaluate 3 + 7 + -4 + 0 + 0.
6
Calculate -2 - ((1 - -3) + -7 - -4).
-3
-2 - (-14 - -2) - (4 - 1)
7
What is -1 + (9 - (-2 - -6)) + -6?
-2
Evaluate (1 - 4 - 0) + 10.
7
2 + 0 + -9 + 2 - -3
-2
2 + (0 - (4 + -1)) - -3
2
What is the value of -13 + (10 + -4 - -4)?
-3
3 + 4 + 2 + -5
4
What is -109 - -99 - (1 - 0)?
-11
7 + 3 + -4 + -3
3
What is 3 + -1 + (8 - 3 - 4)?
3
What is the value of -2 - (-7 + (-3 - -1 - -5))?
2
Evaluate (4 - (-1 + -7 + 5)) + 4.
11
What is the value of 1 - 7 - ((6 - 1) + -11)?
0
Calculate -6 + (5 + -6 + -6 - -11).
-2
What is (-4 - 4 - -3) + 6?
1
What is 4 - (6 + -14 + 7 - -11)?
-6
Evaluate 0 - (-8 + 8 + -3) - 3.
0
-2 + 4 + -14 + 5 + 5
-2
(0 - 1) + (-2 - (4 - 2))
-5
Evaluate (30 - 11) + -10 + -18.
-9
What is -1 - (-12 + 4 - -7)?
0
Evaluate 2 - (1 - -4) - (9 - 14).
2
What is the value of -6 + 11 + (2 - (-1 - -11))?
-3
What is the value of -2 - (3 + -4 + 9 + -6)?
-4
What is -4 - (-1 + -5 - (0 - 0))?
2
Calculate 3 + -4 + 2 + 1 + 3.
5
-9 + (-5 - -2 - -7)
-5
What is the value of 10 + -4 - -10 - 5?
11
What is 8 + -3 - (-3 + -2 + 2)?
8
-1 + -7 + 6 + -2
-4
What is the value of -3 - (-3 + 5) - (0 + -1)?
-4
Calculate 8 - (-6 + 18) - -9 - 5.
0
1 - -5 - (-72 + 79)
-1
Calculate -4 - (-3 + (-6 - 2 - -3)).
4
What is the value of 17 + -23 - (2 - 6)?
-2
What is -20 + 19 - (-4 + -1)?
4
Calculate 2 + (9 - 12) - -5.
4
Calculate -19 - (-27 - -12 - -5).
-9
Evaluate 5 + (0 - -3) + -11 + 8.
5
What is the value of -9 - (-6 + (1 - 0))?
-4
What is (3 - 6 - 7) + 17?
7
Calculate -2 + 5 + 0 + -6.
-3
Evaluate 0 + (1 - 5) + 7.
3
What is the value of -5 - (4 + -4 + -4)?
-1
Calculate 0 + (5 - (3 - (2 + 1))).
5
What is 21 + (-12 - 5) + 1 + 3?
8
Evaluate (-1 - -4) + (-10 - (-2 - 2)).
-3
(2 - 6 - 0) + (-1 - -3)
-2
Evaluate 7 + -8 + 0 + -1.
-2
0 + 4 + 1 + -8 - -6
3
Evaluate (19 + -8 - 8) + -9.
-6
What is -1 - (2 - -1) - -4?
0
What is the value of (16 + -45 - -12) + (8 - 0)?
-9
What is -1 - (-7 - ((-3 - 9) + -2))?
-8
Calculate 1 - (5 - 1 - -1).
-4
What is (-7 - (0 + -14)) + -5?
2
What is -2 + (0 - (1 - (0 + 0)))?
-3
Evaluate 14 + (-5 - (4 - (3 + -1))).
7
1 + (44 + -47 - (1 - 4))
1
Evaluate -2 + 4 + -7 + 8.
3
Evaluate -1 + -1 + (-5 - -4) - 2.
-5
What is (-13 - (-11 + 3)) + 1 + -1?
-5
What is the value of (-3 - -9) + -2 - 4?
0
Calculate -3 + 5 - 1 - 7.
-6
Calculate -96 + 111 - (2 - -23).
-10
Evaluate -1 - ((-1 - (-4 - -7)) + 3).
0
0 - (-2 + 2 + 1) - 1
-2
0 - (1 - 4 - 4 - -4)
3
Evaluate -95 + 93 + (4 - (2 - 1)).
1
8 + -2 + 1 + -5
2
What is -2 + -5 - (-1 + -8)?
2
Evaluate -5 + (4 - 3) - 2 - -13.
7
What is (0 - -5) + -4 - (3 - 10)?
8
-5 + 3 + 7 + -7 - -5
3
Calculate -49 + 48 + (3 - 12).
-10
Evaluate (0 + -7 - 0) + 2.
-5
Calculate 13 + (-8 + -11 - -7).
1
Calculate -3 - (-7 - ((2 - 8) + 3)).
1
6 - (-12 + 11 + -2)
9
Evaluate 4 - (-4 - (-3 + (-1 - -3))).
7
Evaluate -11 + (3 - -1) + -1 + 2.
-6
Evaluate 2 + (4 - 4) + -1 + 2.
3
Calculate -18 - (5 + -15 - 0).
-8
Evaluate (26 - 11 - 5) + -8.
2
Evaluate -3 + 1 + 6 + -15 + 13.
2
Calculate -12 + 2 + 1 + 6.
-3
Evaluate (2 - -1) + 15 + -21.
-3
Evaluate 16 - (11 - 6) - 8.
3
-13 - -21 - (-7 - -9)
6
Calculate 1 + (3 - 4) + 2 + -4.
-2
What is the value of -10 + (-11 - -9 - -6)?
-6
What is (-4 - (7 - 11 - -7)) + 6?
-1
What is -2 + (-10 - -4) - (3 - 10)?
-1
Evaluate (1 - (2 + -1)) + -72 + 75.
3
0 - 2 - (-38 + 34)
2
What is the value of -6 + 5 + -1 + 1?
-1
What is 12 - (-4 + 8) - 13?
-5
What is the value of 7 - (2 - (-8 - -4))?
1
-6 - (-2 - 0) - 0
-4
What is the value of (-13 - -11) + (4 - -1)?
3
Evaluate -4 - (-15 + 16 + 1 + -2).
-4
5 + -4 - (1 - 4) - 1
3
Evaluate 2 + (3 - 0) + (-22 - -23).
6
4 + (-3 - -2 - -2)
5
What is 0 + -14 - (44 + -58)?
0
Calculate -11 - -11 - -2 - (-1 - -6).
-3
What is the value of 3 - (-5 + 3) - 4 - 3?
-2
What is 14 + -5 + -5 - (-1 + 9)?
-4
(-4 - -2) + (-6 - (-2 - 1))
-5
What is the value of -7 - ((2 - 1) + -4)?
-4
-121 - -117 - (0 + -9)
5
Calculate -2 + 4 + (0 - (-3 + 4)).
1
Evaluate 3 + -6 - 2 - -11.
6
(-2 - (5 + -4)) + 4
1
-4 - (0 - 1 - 4)
1
What is 12 + -3 + (-4 - 1 - -3)?
7
What is -4 - ((2 - 4) + (2 - -1))?
-5
Calculate 4 + 5 - ((2 - 1) + 4).
4
-16 - -13 - (-2 + -2)
1
Evaluate 28 + -18 - (5 - 0).
5
1 - -1 - (1 + (-3 - 1))
5
What is 0 + 8 + (-30 - -25)?
3
What is the value of -11 + 13 + 8 - 15?
-5
Calculate -4 + 6 + -6 + 1.
-3
Evaluate -7 + -6 + 16 + (-6 - -3).
0
Evaluate (-11 - -7) + (3 - 1).
-2
What is the value of (-2 - 3) + -1 + 2?
-4
What is the value of 4 - (-5 + (15 - 5))?
-1
What is the value of 1 + 4 + -5 + -4 + -1?
-5
Evaluate -2 + 4 + 4 + -4 - 1.
1
-9 + (-7 - (-9 - 10))
3
Calculate 17 - 9 - (-3 - (-14 + 6)).
3
What is the value of (-20 - -18) + (9 - 0)?
7
Evaluate -6 + 9 + 2 - (-4 + 7).
2
Calculate (-13 + 10 - -6) + -1.
2
Evaluate -1 - (-2 + 0 + -4).
5
What is the value of -12 + (5 - 3) - -6?
-4
What is 2 + (-11 + 0 - (1 + -5))?
-5
What is (-151 - -157) + (-3 - 2 - 0)?
1
What is the value of (3 + -8 - -2) + 2?
-1
What is -3 + (-4 - -8) + -4 - -2?
-1
(-7 - -11) + -8 - 1
-5
Evaluate -3 + 0 - (-21 + 13).
5
Evaluate 11 - (8 + -7) - 11.
-1
Calculate 5 + -1 + -7 - 0.
-3
Evaluate -4 - (-2 - 2) - 9.
-9
7 - ((-4 - (-2 - 5)) + 0)
4
-3 + 0 + 6 + -1 + -4
-2
Evaluate -5 - -1 - (-1 + 0).
-3
What is the value of 7 + -5 + (-2 - 3)?
-3
What is 13 + -3 + (-14 - -9)?
5
What is the value of -11 + 14 - (10 + -1) - -1?
-5
Evaluate -4 + -3 + 1 + 10 + -7.
-3
Calculate -4 - (0 + (-9 - -13)).
-8
-20 + (15 - 18) + 15
-8
What is 6 - ((3 - 1) + 0)?
4
1 + (-2 - 3) + 2
-2
Evaluate -1 + -5 + (1 - -6).
1
Calculate (-5 - (-4 - 1)) + -2 + -2.
-4
What is the value of -1 + -12 + 7 + 0?
-6
What is the value of 0 + 1 - (7 - 4)?
-2
0 - (8 + (-7 - -6))
-7
Evaluate 13 - (-6 - (4 + -17)).
6
(5 - 8) + 4 + -2 + 1
0
0 - (4 + -4 + 3)
-3
What is the value of -9 + (-5 - (9 - 22))?
-1
4 - ((5 - 10) + 4)
5
W